{"id":8636,"date":"2022-03-19T12:39:49","date_gmt":"2022-03-19T15:39:49","guid":{"rendered":"https:\/\/higiene.edu.uy\/medicina-preventiva\/?page_id=8636"},"modified":"2025-12-05T10:22:05","modified_gmt":"2025-12-05T13:22:05","slug":"proyectos","status":"publish","type":"page","link":"https:\/\/higiene.edu.uy\/medicina-preventiva\/proyectos\/","title":{"rendered":"Proyectos"},"content":{"rendered":"\t\t<div data-elementor-type=\"wp-page\" data-elementor-id=\"8636\" class=\"elementor elementor-8636\">\n\t\t\t\t\t\t<section class=\"elementor-section elementor-top-section elementor-element elementor-element-6ddd5e1 elementor-section-full_width elementor-section-stretched elementor-section-height-default elementor-section-height-default\" data-id=\"6ddd5e1\" data-element_type=\"section\" data-settings=\"{&quot;background_background&quot;:&quot;classic&quot;,&quot;stretch_section&quot;:&quot;section-stretched&quot;}\">\n\t\t\t\t\t\t<div class=\"elementor-container elementor-column-gap-default\">\n\t\t\t\t\t<div class=\"elementor-column elementor-col-100 elementor-top-column elementor-element elementor-element-96f9127\" data-id=\"96f9127\" data-element_type=\"column\">\n\t\t\t<div class=\"elementor-widget-wrap elementor-element-populated\">\n\t\t\t\t\t\t<div class=\"elementor-element elementor-element-d21a685 edubin-nav-menu-breakpoint-big-tablet elementor-widget elementor-widget-edubin-header-menu\" data-id=\"d21a685\" data-element_type=\"widget\" data-widget_type=\"edubin-header-menu.default\">\n\t\t\t\t<div class=\"elementor-widget-container\">\n\t\t\t\t\t<div class=\"edubin-nav-menu-wrapper edubin-header-area edubin-navbar-expand-lg edubin-elementor-nav-menu-wrapper\"><nav class=\"main-navigation edubin-navbar-collapse edubin-elementor-nav\"><ul id=\"menu-1-d21a685\" class=\"edubin-navbar-nav edubin-navbar-right nav-menu edubin-nav-ul-wrapper\"><li itemscope=\"itemscope\" itemtype=\"https:\/\/www.schema.org\/SiteNavigationElement\" id=\"menu-item-8659\" class=\"menu-item menu-item-type-custom menu-item-object-custom nav-item menu-item-8659\"><a class=\"nav-link\" href=\"\/medicina-preventiva\/\">Inicio<\/a><\/li>\n<li itemscope=\"itemscope\" itemtype=\"https:\/\/www.schema.org\/SiteNavigationElement\" id=\"menu-item-8319\" class=\"menu-item menu-item-type-custom menu-item-object-custom nav-item menu-item-8319\"><a class=\"nav-link\" href=\"\/medicina-preventiva\/integrantes\">Integrantes<\/a><\/li>\n<li itemscope=\"itemscope\" itemtype=\"https:\/\/www.schema.org\/SiteNavigationElement\" id=\"menu-item-8585\" class=\"menu-item menu-item-type-custom menu-item-object-custom nav-item menu-item-8585\"><a class=\"nav-link\" href=\"\/medicina-preventiva\/cursos\">Cursos<\/a><\/li>\n<li itemscope=\"itemscope\" itemtype=\"https:\/\/www.schema.org\/SiteNavigationElement\" id=\"menu-item-8586\" class=\"menu-item menu-item-type-custom menu-item-object-custom nav-item menu-item-8586\"><a class=\"nav-link\" href=\"\/medicina-preventiva\/lineas-de-investigacion\">L\u00edneas de Investigaci\u00f3n<\/a><\/li>\n<li itemscope=\"itemscope\" itemtype=\"https:\/\/www.schema.org\/SiteNavigationElement\" id=\"menu-item-8644\" class=\"menu-item menu-item-type-custom menu-item-object-custom nav-item menu-item-8644\"><a class=\"nav-link\" href=\"\/medicina-preventiva\/proyectos\">Proyectos<\/a><\/li>\n<li itemscope=\"itemscope\" itemtype=\"https:\/\/www.schema.org\/SiteNavigationElement\" id=\"menu-item-8582\" class=\"menu-item menu-item-type-custom menu-item-object-custom nav-item menu-item-8582\"><a class=\"nav-link\" href=\"\/medicina-preventiva\/produccion-cientifica\">Producci\u00f3n cient\u00edfica<\/a><\/li>\n<li itemscope=\"itemscope\" itemtype=\"https:\/\/www.schema.org\/SiteNavigationElement\" id=\"menu-item-8583\" class=\"menu-item menu-item-type-custom menu-item-object-custom nav-item menu-item-8583\"><a class=\"nav-link\" href=\"\/medicina-preventiva\/extension\">Extensi\u00f3n<\/a><\/li>\n<li itemscope=\"itemscope\" itemtype=\"https:\/\/www.schema.org\/SiteNavigationElement\" id=\"menu-item-8581\" class=\"menu-item menu-item-type-custom menu-item-object-custom nav-item menu-item-8581\"><a class=\"nav-link\" href=\"\/medicina-preventiva\/links-de-interes\">Links de inter\u00e9s<\/a><\/li>\n<\/ul><\/nav><div class=\"edubin-default-header-mobile-navbar edubin-mobile-menu\"><div class=\"edubin-elementor-mobile-menu-overlay\"><\/div><div class=\"edubin-elementor-mobile-hamburger-menu\"><a href=\"javascript:void(0);\"><svg xmlns=\"http:\/\/www.w3.org\/2000\/svg\" xmlns:xlink=\"http:\/\/www.w3.org\/1999\/xlink\" id=\"Capa_1\" x=\"0px\" y=\"0px\" viewBox=\"0 0 448 512\" style=\"enable-background:new 0 0 448 512;\" xml:space=\"preserve\"><style type=\"text\/css\">\t.st0{fill:#FFFFFF;}<\/style><path class=\"st0\" d=\"M0,96c0-17.7,14.3-32,32-32h384c17.7,0,32,14.3,32,32s-14.3,32-32,32H32C14.3,128,0,113.7,0,96z M0,256 c0-17.7,14.3-32,32-32h384c17.7,0,32,14.3,32,32s-14.3,32-32,32H32C14.3,288,0,273.7,0,256z M448,416c0,17.7-14.3,32-32,32H32 c-17.7,0-32-14.3-32-32s14.3-32,32-32h384C433.7,384,448,398.3,448,416z\"><\/path><\/svg><\/a><\/div><div class=\"edubin-mobile-menu-nav-wrapper edubin-elementor-mobile-menu-nav-wrapper\"><div class=\"edubin-elementor-mobile-menu-close\"><a href=\"javascript:void(0);\"><i aria-hidden=\"true\" class=\"flaticon-cancel\"><\/i><\/a><\/div><ul id=\"edubin-elementor-mobile-menu-item\" class=\"edubin-elementor-mobile-menu-item\"><li itemscope=\"itemscope\" itemtype=\"https:\/\/www.schema.org\/SiteNavigationElement\" class=\"menu-item menu-item-type-custom menu-item-object-custom nav-item menu-item-8659\"><a class=\"nav-link\" href=\"\/medicina-preventiva\/\">Inicio<\/a><\/li>\n<li itemscope=\"itemscope\" itemtype=\"https:\/\/www.schema.org\/SiteNavigationElement\" class=\"menu-item menu-item-type-custom menu-item-object-custom nav-item menu-item-8319\"><a class=\"nav-link\" href=\"\/medicina-preventiva\/integrantes\">Integrantes<\/a><\/li>\n<li itemscope=\"itemscope\" itemtype=\"https:\/\/www.schema.org\/SiteNavigationElement\" class=\"menu-item menu-item-type-custom menu-item-object-custom nav-item menu-item-8585\"><a class=\"nav-link\" href=\"\/medicina-preventiva\/cursos\">Cursos<\/a><\/li>\n<li itemscope=\"itemscope\" itemtype=\"https:\/\/www.schema.org\/SiteNavigationElement\" class=\"menu-item menu-item-type-custom menu-item-object-custom nav-item menu-item-8586\"><a class=\"nav-link\" href=\"\/medicina-preventiva\/lineas-de-investigacion\">L\u00edneas de Investigaci\u00f3n<\/a><\/li>\n<li itemscope=\"itemscope\" itemtype=\"https:\/\/www.schema.org\/SiteNavigationElement\" class=\"menu-item menu-item-type-custom menu-item-object-custom nav-item menu-item-8644\"><a class=\"nav-link\" href=\"\/medicina-preventiva\/proyectos\">Proyectos<\/a><\/li>\n<li itemscope=\"itemscope\" itemtype=\"https:\/\/www.schema.org\/SiteNavigationElement\" class=\"menu-item menu-item-type-custom menu-item-object-custom nav-item menu-item-8582\"><a class=\"nav-link\" href=\"\/medicina-preventiva\/produccion-cientifica\">Producci\u00f3n cient\u00edfica<\/a><\/li>\n<li itemscope=\"itemscope\" itemtype=\"https:\/\/www.schema.org\/SiteNavigationElement\" class=\"menu-item menu-item-type-custom menu-item-object-custom nav-item menu-item-8583\"><a class=\"nav-link\" href=\"\/medicina-preventiva\/extension\">Extensi\u00f3n<\/a><\/li>\n<li itemscope=\"itemscope\" itemtype=\"https:\/\/www.schema.org\/SiteNavigationElement\" class=\"menu-item menu-item-type-custom menu-item-object-custom nav-item menu-item-8581\"><a class=\"nav-link\" href=\"\/medicina-preventiva\/links-de-interes\">Links de inter\u00e9s<\/a><\/li>\n<\/ul><\/div><\/div><\/div>\t\t\t\t<\/div>\n\t\t\t\t<\/div>\n\t\t\t\t\t<\/div>\n\t\t<\/div>\n\t\t\t\t\t<\/div>\n\t\t<\/section>\n\t\t\t\t<section class=\"elementor-section elementor-top-section elementor-element elementor-element-e9c5bbc elementor-section-boxed elementor-section-height-default elementor-section-height-default\" data-id=\"e9c5bbc\" data-element_type=\"section\">\n\t\t\t\t\t\t<div class=\"elementor-container elementor-column-gap-default\">\n\t\t\t\t\t<div class=\"elementor-column elementor-col-100 elementor-top-column elementor-element elementor-element-e83f6b8\" data-id=\"e83f6b8\" data-element_type=\"column\">\n\t\t\t<div class=\"elementor-widget-wrap elementor-element-populated\">\n\t\t\t\t\t\t<div class=\"elementor-element elementor-element-8f6bf9b elementor-widget elementor-widget-spacer\" data-id=\"8f6bf9b\" data-element_type=\"widget\" data-widget_type=\"spacer.default\">\n\t\t\t\t<div class=\"elementor-widget-container\">\n\t\t\t\t\t\t\t<div class=\"elementor-spacer\">\n\t\t\t<div class=\"elementor-spacer-inner\"><\/div>\n\t\t<\/div>\n\t\t\t\t\t\t<\/div>\n\t\t\t\t<\/div>\n\t\t\t\t\t<\/div>\n\t\t<\/div>\n\t\t\t\t\t<\/div>\n\t\t<\/section>\n\t\t\t\t<section class=\"elementor-section elementor-top-section elementor-element elementor-element-d8be1e1 elementor-section-boxed elementor-section-height-default elementor-section-height-default\" data-id=\"d8be1e1\" data-element_type=\"section\">\n\t\t\t\t\t\t<div class=\"elementor-container elementor-column-gap-default\">\n\t\t\t\t\t<div class=\"elementor-column elementor-col-100 elementor-top-column elementor-element elementor-element-cc486ef\" data-id=\"cc486ef\" data-element_type=\"column\">\n\t\t\t<div class=\"elementor-widget-wrap elementor-element-populated\">\n\t\t\t\t\t\t<div class=\"elementor-element elementor-element-c34a9da elementor-widget elementor-widget-custom-title-addons\" data-id=\"c34a9da\" data-element_type=\"widget\" data-widget_type=\"custom-title-addons.default\">\n\t\t\t\t<div class=\"elementor-widget-container\">\n\t\t\t\t\t<div class=\"tpc-double_heading\"><div class=\"dbl__subtitle\"><span>PROYECTOS<\/span><\/div><h3 class=\"dbl__title-wrapper\"><span class=\"dbl__title dbl-title_1\">Unidad Acad\u00e9mica de Medicina Preventiva y Social<\/span><\/h3><\/div>\t\t\t\t<\/div>\n\t\t\t\t<\/div>\n\t\t\t\t\t<\/div>\n\t\t<\/div>\n\t\t\t\t\t<\/div>\n\t\t<\/section>\n\t\t\t\t<section class=\"elementor-section elementor-top-section elementor-element elementor-element-634bf6e elementor-section-boxed elementor-section-height-default elementor-section-height-default\" data-id=\"634bf6e\" data-element_type=\"section\">\n\t\t\t\t\t\t<div class=\"elementor-container elementor-column-gap-default\">\n\t\t\t\t\t<div class=\"elementor-column elementor-col-100 elementor-top-column elementor-element elementor-element-a64abab\" data-id=\"a64abab\" data-element_type=\"column\">\n\t\t\t<div class=\"elementor-widget-wrap elementor-element-populated\">\n\t\t\t\t\t\t<div class=\"elementor-element elementor-element-72f366e elementor-widget elementor-widget-text-editor\" data-id=\"72f366e\" data-element_type=\"widget\" data-widget_type=\"text-editor.default\">\n\t\t\t\t<div class=\"elementor-widget-container\">\n\t\t\t\t\t\t\t\t\t<p><b>2025\u20132028 \u2013 Centro Interdisciplinario de Desarrollo Farmacoterap\u00e9utico para el Uso Racional de Medicamentos (espacio ID).<\/b><span style=\"font-weight: 400\"> Manuel Ibarra, Mariana Cora &#8211; MPYS: Alicia Alem\u00e1n, Magdalena Irisarri.\u00a0<\/span><\/p><p><b>2025-26 \u2013 Tendencias temporales de prevalencia de la diabetes en el embarazo en el per\u00edodo de 2014 a 2024 y su distribuci\u00f3n espacial junto a su relaci\u00f3n con el \u00edndice de privaci\u00f3n socioecon\u00f3mica basado en \u00e1rea geogr\u00e1fica del centro de salud.<\/b><span style=\"font-weight: 400\"> Janet Trujillo. Financiamiento: No.<\/span><\/p><p><b>2024-2025 \u2013 Exposiciones ambientales en el embarazo.<\/b><span style=\"font-weight: 400\"> Janet Trujillo. Financiamiento: No.<\/span><\/p><p><b>2024 \u2013 Sistema inform\u00e1tico de apoyo a la toma de decisiones basado en inteligencia artificial, en el marco del SNIS, para el fortalecimiento de las estrategias de prevenci\u00f3n del suicidio en Uruguay.<\/b><span style=\"font-weight: 400\"> Pablo Andr\u00e9s Bulba Bauz\u00e1, Aliia Alem\u00e1n, Alicia Canetti, Horacio Botti, Daniela Alfonso, Leticia Rodr\u00edguez.\u00a0<\/span><\/p><p><b>2024 \u2013 Servicios de telemedicina en Uruguay hacia los ODS en el contexto de la epidemia por COVID-19.<\/b><span style=\"font-weight: 400\"> Alicia Alem\u00e1n, Franco Gonz\u00e1lez. Financiamiento: Proyecto Interagencial de UN, Joint SDG Fund: First Call on SDG Financing.<\/span><\/p><p><b>2024 \u2013 Telemedicina como estrategia para mejorar la equidad en el acceso a la atenci\u00f3n de las\/os ni\u00f1as\/os con sospecha de alteraciones del desarrollo en el Uruguay.<\/b><span style=\"font-weight: 400\"> Alicia Alem\u00e1n, Gabriela Garrido. Financiamiento: ANII.<\/span><\/p><p><b>2024 \u2013 N\u00facleo interdisciplinario de Vigilancia Epidemiol\u00f3gica con base en Aguas Residuales.<\/b><span style=\"font-weight: 400\"> Alicia Alem\u00e1n, Julieta L\u00f3pez. Financiamiento: Espacio Interdisciplinario.<\/span><\/p><p><b>2024 \u2013 Estudio sobre carga de enfermedad en la salud de las mujeres de 40 y m\u00e1s a\u00f1os en Am\u00e9rica Latina y el Caribe.<\/b><span style=\"font-weight: 400\"> Alicia Alem\u00e1n, Mercedes Colomar, Valentina Colistro, Fiorella Cavalleri, Leticia Rodriguez, Melina Herrera. Financiamiento: Centro Latinoamericano de Perinatolog\u00eda Salud de la Mujer y Reproductiva (CLAP_OPS_OMS).<\/span><\/p><p><b>2024 \u2013 Estudio \u201can\u00e1lisis de los factores asociados al suicidio en Uruguay durante 2023\u201d.<\/b><span style=\"font-weight: 400\"> Alicia Alem\u00e1n, Daniela Alfonso, Leticia Rodr\u00edguez. Financiamiento: OPS-OMS.<\/span><\/p><p><b>2023-25 \u2013 Proyecto sobre la factibilidad y consolidaci\u00f3n de un estudio longitudinal sobre estudio ambiente y madre-hijo\/a, sistematizaci\u00f3n sobre estudios, programas y datos vinculados a la tem\u00e1tica.<\/b><span style=\"font-weight: 400\"> Janet Trujillo, Natalia Trabal, Alicia Alem\u00e1n, Esther Lacava, Graciela Castellano, Rosana Rodriguez, Bernado Bertoni, M\u00f3nica Mendez, Gabriel Barrero. Financiamiento: Concursado del Espacio Interdisciplinario para talleres.<\/span><\/p><p><b>2023 \u2013 Sistema inform\u00e1tico de apoyo a la toma de decisiones basado en inteligencia artificial, en el marco del SNIS, para el fortalecimiento de las estrategias de prevenci\u00f3n del suicidio en Uruguay.<\/b><span style=\"font-weight: 400\"> Pablo Bulba, Alicia Alem\u00e1n. Financiamiento: Proyecto de prototipo para desaf\u00edo de MSP, ANII.<\/span><\/p><p><b>2022-2024 \u2013 Funci\u00f3n cognitiva y dependencia de personas mayores usuarias de la RAP Metropolitana.<\/b><span style=\"font-weight: 400\"> Alejandra Marroig, Janet Trujillo. Financiamiento: No.<\/span><\/p><p><b>2020-2022 \u2013 Estudio de prevalencia de anticuerpos espec\u00edficos anti-SARS-CoV-2 en sueros de descarte de ni\u00f1os\/as de instituciones p\u00fablicas y privadas de Uruguay, estableciendo la relaci\u00f3n entre niveles de anticuerpos post vacunales maternos y neonatales en mujeres que tienen su parto en el Hospital Pereira Rossell (10\/2021 &#8211; 2023).<\/b><span style=\"font-weight: 400\"> Janet Trujillo, Alicia Alem\u00e1n, Pintos J, \u00c1lvarez CB, Bonapelch S, Gonz\u00e1lez F, Herrera G, Gonz\u00e1lez A, Aguirrez\u00e1bal P, Speranza N, Gonzalez-Sapienza G, P\u00edrez M, Mourglia-Ettlin Gustavo. Financiamiento: No.<\/span><\/p><p><b>2020-2021 \u2013 Estudio de prevalencia de anticuerpos espec\u00edficos anti SARS-CoV-2 en sueros de descarte de ni\u00f1os\/as de instituciones p\u00fablicas y privadas de Uruguay.<\/b><span style=\"font-weight: 400\"> Janet Trujillo. Financiamiento: OPS-OMS.<\/span><\/p>\t\t\t\t\t\t\t\t<\/div>\n\t\t\t\t<\/div>\n\t\t\t\t\t<\/div>\n\t\t<\/div>\n\t\t\t\t\t<\/div>\n\t\t<\/section>\n\t\t\t\t<\/div>\n\t\t","protected":false},"excerpt":{"rendered":"<p>Inicio Integrantes Cursos L\u00edneas de Investigaci\u00f3n Proyectos Producci\u00f3n cient\u00edfica Extensi\u00f3n Links de inter\u00e9s .st0{fill:#FFFFFF;} Inicio Integrantes Cursos L\u00edneas de Investigaci\u00f3n&#8230;<\/p>\n","protected":false},"author":1,"featured_media":0,"parent":0,"menu_order":0,"comment_status":"closed","ping_status":"closed","template":"","meta":{"_acf_changed":false,"footnotes":""},"class_list":["post-8636","page","type-page","status-publish","hentry"],"acf":[],"_links":{"self":[{"href":"https:\/\/higiene.edu.uy\/medicina-preventiva\/wp-json\/wp\/v2\/pages\/8636","targetHints":{"allow":["GET"]}}],"collection":[{"href":"https:\/\/higiene.edu.uy\/medicina-preventiva\/wp-json\/wp\/v2\/pages"}],"about":[{"href":"https:\/\/higiene.edu.uy\/medicina-preventiva\/wp-json\/wp\/v2\/types\/page"}],"author":[{"embeddable":true,"href":"https:\/\/higiene.edu.uy\/medicina-preventiva\/wp-json\/wp\/v2\/users\/1"}],"replies":[{"embeddable":true,"href":"https:\/\/higiene.edu.uy\/medicina-preventiva\/wp-json\/wp\/v2\/comments?post=8636"}],"version-history":[{"count":106,"href":"https:\/\/higiene.edu.uy\/medicina-preventiva\/wp-json\/wp\/v2\/pages\/8636\/revisions"}],"predecessor-version":[{"id":10177,"href":"https:\/\/higiene.edu.uy\/medicina-preventiva\/wp-json\/wp\/v2\/pages\/8636\/revisions\/10177"}],"wp:attachment":[{"href":"https:\/\/higiene.edu.uy\/medicina-preventiva\/wp-json\/wp\/v2\/media?parent=8636"}],"curies":[{"name":"wp","href":"https:\/\/api.w.org\/{rel}","templated":true}]}}