{"id":8976,"date":"2022-05-17T15:16:22","date_gmt":"2022-05-17T18:16:22","guid":{"rendered":"https:\/\/higiene.edu.uy\/sitebiblioteca\/?page_id=8976"},"modified":"2025-02-13T17:37:34","modified_gmt":"2025-02-13T20:37:34","slug":"latindex","status":"publish","type":"page","link":"https:\/\/higiene.edu.uy\/informacion-y-comunicacion\/latindex\/","title":{"rendered":"Sistema Latindex"},"content":{"rendered":"\t\t<div data-elementor-type=\"wp-page\" data-elementor-id=\"8976\" class=\"elementor elementor-8976\">\n\t\t\t\t\t\t<section class=\"elementor-section elementor-top-section elementor-element elementor-element-ae1726d elementor-section-boxed elementor-section-height-default elementor-section-height-default\" data-id=\"ae1726d\" data-element_type=\"section\" data-settings=\"{&quot;background_background&quot;:&quot;classic&quot;}\">\n\t\t\t\t\t\t<div class=\"elementor-container elementor-column-gap-default\">\n\t\t\t\t\t<div class=\"elementor-column elementor-col-100 elementor-top-column elementor-element elementor-element-8df4758\" data-id=\"8df4758\" data-element_type=\"column\">\n\t\t\t<div class=\"elementor-widget-wrap elementor-element-populated\">\n\t\t\t\t\t\t<div class=\"elementor-element elementor-element-437619e edubin-nav-menu-breakpoint-big-tablet elementor-widget elementor-widget-edubin-header-menu\" data-id=\"437619e\" data-element_type=\"widget\" id=\"menu-biblioteca\" data-widget_type=\"edubin-header-menu.default\">\n\t\t\t\t<div class=\"elementor-widget-container\">\n\t\t\t\t\t<div class=\"edubin-nav-menu-wrapper edubin-header-area edubin-navbar-expand-lg edubin-elementor-nav-menu-wrapper\"><nav class=\"main-navigation edubin-navbar-collapse edubin-elementor-nav\"><ul id=\"menu-1-437619e\" class=\"edubin-navbar-nav edubin-navbar-right nav-menu edubin-nav-ul-wrapper\"><li itemscope=\"itemscope\" itemtype=\"https:\/\/www.schema.org\/SiteNavigationElement\" id=\"menu-item-9534\" class=\"menu-item menu-item-type-post_type menu-item-object-page menu-item-home nav-item menu-item-9534 menu-align-left\"><a class=\"nav-link\" href=\"https:\/\/higiene.edu.uy\/informacion-y-comunicacion\/\">Inicio<\/a><\/li>\n<li itemscope=\"itemscope\" itemtype=\"https:\/\/www.schema.org\/SiteNavigationElement\" id=\"menu-item-9535\" class=\"menu-item menu-item-type-custom menu-item-object-custom menu-item-has-children nav-item menu-item-9535 dropdown menu-align-left\"><a class=\"nav-link\" href=\"#\" aria-haspopup=\"true\">Acerca de nosotros<span class=\"edubin-menu-icon\"><i class=\"flaticon-download\" aria-hidden=\"true\"><\/i><\/span><\/a>\n<ul role=\"menu\" class=\" edubin-dropdown-menu\" >\n\t<li itemscope=\"itemscope\" itemtype=\"https:\/\/www.schema.org\/SiteNavigationElement\" id=\"menu-item-9539\" class=\"menu-item menu-item-type-post_type menu-item-object-page nav-item menu-item-9539 menu-align-left\"><a class=\"nav-link\" href=\"https:\/\/higiene.edu.uy\/informacion-y-comunicacion\/equipo\/\">Equipo<\/a><\/li>\n\t<li itemscope=\"itemscope\" itemtype=\"https:\/\/www.schema.org\/SiteNavigationElement\" id=\"menu-item-9540\" class=\"menu-item menu-item-type-custom menu-item-object-custom menu-item-has-children nav-item menu-item-9540 edubin-dropdown-submenu menu-align-left\"><a class=\"nav-link\" href=\"#\">\u00c1reas<span class=\"edubin-menu-icon\"><i class=\"flaticon-download\" aria-hidden=\"true\"><\/i><\/span><\/a>\n\t<ul role=\"menu\" class=\" edubin-dropdown-menu\" >\n\t\t<li itemscope=\"itemscope\" itemtype=\"https:\/\/www.schema.org\/SiteNavigationElement\" id=\"menu-item-9836\" class=\"menu-item menu-item-type-post_type menu-item-object-page nav-item menu-item-9836 menu-align-left\"><a class=\"nav-link\" href=\"https:\/\/higiene.edu.uy\/informacion-y-comunicacion\/informacion-biblioteca-organigrama\/\">Informaci\u00f3n \u2013 Biblioteca<\/a><\/li>\n\t\t<li itemscope=\"itemscope\" itemtype=\"https:\/\/www.schema.org\/SiteNavigationElement\" id=\"menu-item-9866\" class=\"menu-item menu-item-type-post_type menu-item-object-page nav-item menu-item-9866 menu-align-left\"><a class=\"nav-link\" href=\"https:\/\/higiene.edu.uy\/informacion-y-comunicacion\/comunicacion-organigrama\/\">Comunicaci\u00f3n<\/a><\/li>\n\t\t<li itemscope=\"itemscope\" itemtype=\"https:\/\/www.schema.org\/SiteNavigationElement\" id=\"menu-item-9543\" class=\"menu-item menu-item-type-post_type menu-item-object-page nav-item menu-item-9543 menu-align-left\"><a class=\"nav-link\" href=\"https:\/\/higiene.edu.uy\/informacion-y-comunicacion\/proyectos-institucionales\/\">Proyectos Institucionales<\/a><\/li>\n\t<\/ul>\n<\/li>\n<\/ul>\n<\/li>\n<li itemscope=\"itemscope\" itemtype=\"https:\/\/www.schema.org\/SiteNavigationElement\" id=\"menu-item-9544\" class=\"menu-item menu-item-type-post_type menu-item-object-page nav-item menu-item-9544 menu-align-left\"><a class=\"nav-link\" href=\"https:\/\/higiene.edu.uy\/informacion-y-comunicacion\/novedades\/\">Novedades<\/a><\/li>\n<li itemscope=\"itemscope\" itemtype=\"https:\/\/www.schema.org\/SiteNavigationElement\" id=\"menu-item-9546\" class=\"menu-item menu-item-type-post_type menu-item-object-page nav-item menu-item-9546 menu-align-left\"><a class=\"nav-link\" href=\"https:\/\/higiene.edu.uy\/informacion-y-comunicacion\/latindex\/\">Latindex<\/a><\/li>\n<li itemscope=\"itemscope\" itemtype=\"https:\/\/www.schema.org\/SiteNavigationElement\" id=\"menu-item-9547\" class=\"menu-item menu-item-type-post_type menu-item-object-page nav-item menu-item-9547 menu-align-left\"><a class=\"nav-link\" href=\"https:\/\/higiene.edu.uy\/informacion-y-comunicacion\/talleres\/\">Talleres<\/a><\/li>\n<\/ul><\/nav><div class=\"edubin-default-header-mobile-navbar edubin-mobile-menu\"><div class=\"edubin-elementor-mobile-menu-overlay\"><\/div><div class=\"edubin-elementor-mobile-hamburger-menu\"><a href=\"javascript:void(0);\"><svg xmlns=\"http:\/\/www.w3.org\/2000\/svg\" xmlns:xlink=\"http:\/\/www.w3.org\/1999\/xlink\" id=\"Capa_1\" x=\"0px\" y=\"0px\" viewBox=\"0 0 448 512\" style=\"enable-background:new 0 0 448 512;\" xml:space=\"preserve\"><style type=\"text\/css\">\t.st0{fill:#FFFFFF;}<\/style><path class=\"st0\" d=\"M0,96c0-17.7,14.3-32,32-32h384c17.7,0,32,14.3,32,32s-14.3,32-32,32H32C14.3,128,0,113.7,0,96z M0,256 c0-17.7,14.3-32,32-32h384c17.7,0,32,14.3,32,32s-14.3,32-32,32H32C14.3,288,0,273.7,0,256z M448,416c0,17.7-14.3,32-32,32H32 c-17.7,0-32-14.3-32-32s14.3-32,32-32h384C433.7,384,448,398.3,448,416z\"><\/path><\/svg><\/a><\/div><div class=\"edubin-mobile-menu-nav-wrapper edubin-elementor-mobile-menu-nav-wrapper\"><div class=\"edubin-elementor-mobile-menu-close\"><a href=\"javascript:void(0);\"><i aria-hidden=\"true\" class=\"flaticon-cancel\"><\/i><\/a><\/div><ul id=\"edubin-elementor-mobile-menu-item\" class=\"edubin-elementor-mobile-menu-item\"><li itemscope=\"itemscope\" itemtype=\"https:\/\/www.schema.org\/SiteNavigationElement\" class=\"menu-item menu-item-type-post_type menu-item-object-page menu-item-home nav-item menu-item-9534 menu-align-left\"><a class=\"nav-link\" href=\"https:\/\/higiene.edu.uy\/informacion-y-comunicacion\/\">Inicio<\/a><\/li>\n<li itemscope=\"itemscope\" itemtype=\"https:\/\/www.schema.org\/SiteNavigationElement\" class=\"menu-item menu-item-type-custom menu-item-object-custom menu-item-has-children nav-item menu-item-9535 dropdown menu-align-left\"><a class=\"nav-link\" href=\"#\" aria-haspopup=\"true\">Acerca de nosotros<span class=\"edubin-menu-icon\"><i class=\"flaticon-download\" aria-hidden=\"true\"><\/i><\/span><\/a>\n<ul role=\"menu\" class=\" edubin-dropdown-menu\" >\n\t<li itemscope=\"itemscope\" itemtype=\"https:\/\/www.schema.org\/SiteNavigationElement\" class=\"menu-item menu-item-type-post_type menu-item-object-page nav-item menu-item-9539 menu-align-left\"><a class=\"nav-link\" href=\"https:\/\/higiene.edu.uy\/informacion-y-comunicacion\/equipo\/\">Equipo<\/a><\/li>\n\t<li itemscope=\"itemscope\" itemtype=\"https:\/\/www.schema.org\/SiteNavigationElement\" class=\"menu-item menu-item-type-custom menu-item-object-custom menu-item-has-children nav-item menu-item-9540 edubin-dropdown-submenu menu-align-left\"><a class=\"nav-link\" href=\"#\">\u00c1reas<span class=\"edubin-menu-icon\"><i class=\"flaticon-download\" aria-hidden=\"true\"><\/i><\/span><\/a>\n\t<ul role=\"menu\" class=\" edubin-dropdown-menu\" >\n\t\t<li itemscope=\"itemscope\" itemtype=\"https:\/\/www.schema.org\/SiteNavigationElement\" class=\"menu-item menu-item-type-post_type menu-item-object-page nav-item menu-item-9836 menu-align-left\"><a class=\"nav-link\" href=\"https:\/\/higiene.edu.uy\/informacion-y-comunicacion\/informacion-biblioteca-organigrama\/\">Informaci\u00f3n \u2013 Biblioteca<\/a><\/li>\n\t\t<li itemscope=\"itemscope\" itemtype=\"https:\/\/www.schema.org\/SiteNavigationElement\" class=\"menu-item menu-item-type-post_type menu-item-object-page nav-item menu-item-9866 menu-align-left\"><a class=\"nav-link\" href=\"https:\/\/higiene.edu.uy\/informacion-y-comunicacion\/comunicacion-organigrama\/\">Comunicaci\u00f3n<\/a><\/li>\n\t\t<li itemscope=\"itemscope\" itemtype=\"https:\/\/www.schema.org\/SiteNavigationElement\" class=\"menu-item menu-item-type-post_type menu-item-object-page nav-item menu-item-9543 menu-align-left\"><a class=\"nav-link\" href=\"https:\/\/higiene.edu.uy\/informacion-y-comunicacion\/proyectos-institucionales\/\">Proyectos Institucionales<\/a><\/li>\n\t<\/ul>\n<\/li>\n<\/ul>\n<\/li>\n<li itemscope=\"itemscope\" itemtype=\"https:\/\/www.schema.org\/SiteNavigationElement\" class=\"menu-item menu-item-type-post_type menu-item-object-page nav-item menu-item-9544 menu-align-left\"><a class=\"nav-link\" href=\"https:\/\/higiene.edu.uy\/informacion-y-comunicacion\/novedades\/\">Novedades<\/a><\/li>\n<li itemscope=\"itemscope\" itemtype=\"https:\/\/www.schema.org\/SiteNavigationElement\" class=\"menu-item menu-item-type-post_type menu-item-object-page nav-item menu-item-9546 menu-align-left\"><a class=\"nav-link\" href=\"https:\/\/higiene.edu.uy\/informacion-y-comunicacion\/latindex\/\">Latindex<\/a><\/li>\n<li itemscope=\"itemscope\" itemtype=\"https:\/\/www.schema.org\/SiteNavigationElement\" class=\"menu-item menu-item-type-post_type menu-item-object-page nav-item menu-item-9547 menu-align-left\"><a class=\"nav-link\" href=\"https:\/\/higiene.edu.uy\/informacion-y-comunicacion\/talleres\/\">Talleres<\/a><\/li>\n<\/ul><\/div><\/div><\/div>\t\t\t\t<\/div>\n\t\t\t\t<\/div>\n\t\t\t\t\t<\/div>\n\t\t<\/div>\n\t\t\t\t\t<\/div>\n\t\t<\/section>\n\t\t\t\t<section class=\"elementor-section elementor-top-section elementor-element elementor-element-bc9d0ef elementor-section-boxed elementor-section-height-default elementor-section-height-default\" data-id=\"bc9d0ef\" data-element_type=\"section\">\n\t\t\t\t\t\t<div class=\"elementor-container elementor-column-gap-default\">\n\t\t\t\t\t<div class=\"elementor-column elementor-col-100 elementor-top-column elementor-element elementor-element-1136db1\" data-id=\"1136db1\" data-element_type=\"column\">\n\t\t\t<div class=\"elementor-widget-wrap elementor-element-populated\">\n\t\t\t\t\t\t<div class=\"elementor-element elementor-element-7aac43b elementor-widget elementor-widget-spacer\" data-id=\"7aac43b\" data-element_type=\"widget\" data-widget_type=\"spacer.default\">\n\t\t\t\t<div class=\"elementor-widget-container\">\n\t\t\t\t\t\t\t<div class=\"elementor-spacer\">\n\t\t\t<div class=\"elementor-spacer-inner\"><\/div>\n\t\t<\/div>\n\t\t\t\t\t\t<\/div>\n\t\t\t\t<\/div>\n\t\t\t\t\t<\/div>\n\t\t<\/div>\n\t\t\t\t\t<\/div>\n\t\t<\/section>\n\t\t\t\t<section class=\"elementor-section elementor-top-section elementor-element elementor-element-f520a3a elementor-section-boxed elementor-section-height-default elementor-section-height-default\" data-id=\"f520a3a\" data-element_type=\"section\">\n\t\t\t\t\t\t<div class=\"elementor-container elementor-column-gap-default\">\n\t\t\t\t\t<div class=\"elementor-column elementor-col-100 elementor-top-column elementor-element elementor-element-e5cc478\" data-id=\"e5cc478\" data-element_type=\"column\">\n\t\t\t<div class=\"elementor-widget-wrap elementor-element-populated\">\n\t\t\t\t\t\t<div class=\"elementor-element elementor-element-235bea6 elementor-widget elementor-widget-custom-title-addons\" data-id=\"235bea6\" data-element_type=\"widget\" data-widget_type=\"custom-title-addons.default\">\n\t\t\t\t<div class=\"elementor-widget-container\">\n\t\t\t\t\t<div class=\"tpc-double_heading\"><div class=\"dbl__subtitle\"><span>LATINDEX<\/span><\/div><h3 class=\"dbl__title-wrapper\"><span class=\"dbl__title dbl-title_1\">Departamento de Informaci\u00f3n y Comunicaci\u00f3n <\/span><\/h3><\/div>\t\t\t\t<\/div>\n\t\t\t\t<\/div>\n\t\t\t\t\t<\/div>\n\t\t<\/div>\n\t\t\t\t\t<\/div>\n\t\t<\/section>\n\t\t\t\t<section class=\"elementor-section elementor-top-section elementor-element elementor-element-52a4961 elementor-section-boxed elementor-section-height-default elementor-section-height-default\" data-id=\"52a4961\" data-element_type=\"section\">\n\t\t\t\t\t\t<div class=\"elementor-container elementor-column-gap-default\">\n\t\t\t\t\t<div class=\"elementor-column elementor-col-100 elementor-top-column elementor-element elementor-element-a1d5b31\" data-id=\"a1d5b31\" data-element_type=\"column\">\n\t\t\t<div class=\"elementor-widget-wrap elementor-element-populated\">\n\t\t\t\t\t\t<div class=\"elementor-element elementor-element-366201f elementor-widget elementor-widget-spacer\" data-id=\"366201f\" data-element_type=\"widget\" data-widget_type=\"spacer.default\">\n\t\t\t\t<div class=\"elementor-widget-container\">\n\t\t\t\t\t\t\t<div class=\"elementor-spacer\">\n\t\t\t<div class=\"elementor-spacer-inner\"><\/div>\n\t\t<\/div>\n\t\t\t\t\t\t<\/div>\n\t\t\t\t<\/div>\n\t\t\t\t\t<\/div>\n\t\t<\/div>\n\t\t\t\t\t<\/div>\n\t\t<\/section>\n\t\t\t\t<section class=\"elementor-section elementor-top-section elementor-element elementor-element-46e7c77 elementor-section-boxed elementor-section-height-default elementor-section-height-default\" data-id=\"46e7c77\" data-element_type=\"section\">\n\t\t\t\t\t\t<div class=\"elementor-container elementor-column-gap-default\">\n\t\t\t\t\t<div class=\"elementor-column elementor-col-33 elementor-top-column elementor-element elementor-element-c2ec4d0\" data-id=\"c2ec4d0\" data-element_type=\"column\">\n\t\t\t<div class=\"elementor-widget-wrap elementor-element-populated\">\n\t\t\t\t\t\t<div class=\"elementor-element elementor-element-855736f elementor-widget elementor-widget-edubin-menu-list\" data-id=\"855736f\" data-element_type=\"widget\" data-widget_type=\"edubin-menu-list.default\">\n\t\t\t\t<div class=\"elementor-widget-container\">\n\t\t\t\t\t<div class=\"edubin-el-single-depth-menu\"><nav class=\"edubin-el-menu-list\"><ul id=\"menu-1-855736f\" class=\"edubin-nav-dropdown-menu\"><li id=\"menu-item-9618\" class=\"menu-item menu-item-type-custom menu-item-object-custom menu-item-9618\"><a href=\"#\">Para editores<\/a><\/li>\n<li id=\"menu-item-9619\" class=\"menu-item menu-item-type-custom menu-item-object-custom menu-item-9619\"><a href=\"#\">Acerca de<\/a><\/li>\n<li id=\"menu-item-9620\" class=\"menu-item menu-item-type-custom menu-item-object-custom menu-item-9620\"><a href=\"#\">Latindex hoy<\/a><\/li>\n<li id=\"menu-item-9621\" class=\"menu-item menu-item-type-custom menu-item-object-custom menu-item-9621\"><a href=\"#\">Revistas nacionales<\/a><\/li>\n<\/ul><\/nav><\/div>\t\t\t\t<\/div>\n\t\t\t\t<\/div>\n\t\t\t\t\t<\/div>\n\t\t<\/div>\n\t\t\t\t<div class=\"elementor-column elementor-col-66 elementor-top-column elementor-element elementor-element-136d7aa\" data-id=\"136d7aa\" data-element_type=\"column\">\n\t\t\t<div class=\"elementor-widget-wrap elementor-element-populated\">\n\t\t\t\t\t\t<div class=\"elementor-element elementor-element-cd7d3d8 elementor-widget elementor-widget-heading\" data-id=\"cd7d3d8\" data-element_type=\"widget\" data-widget_type=\"heading.default\">\n\t\t\t\t<div class=\"elementor-widget-container\">\n\t\t\t\t\t<h4 class=\"elementor-heading-title elementor-size-default\">Latindex (Sistema Regional de Informaci\u00f3n en l\u00ednea para revistas cient\u00edficas de Am\u00e9rica Latina, Caribe, Espa\u00f1a y Portugal)<\/h4>\t\t\t\t<\/div>\n\t\t\t\t<\/div>\n\t\t\t\t<div class=\"elementor-element elementor-element-b8303ed elementor-widget elementor-widget-spacer\" data-id=\"b8303ed\" data-element_type=\"widget\" data-widget_type=\"spacer.default\">\n\t\t\t\t<div class=\"elementor-widget-container\">\n\t\t\t\t\t\t\t<div class=\"elementor-spacer\">\n\t\t\t<div class=\"elementor-spacer-inner\"><\/div>\n\t\t<\/div>\n\t\t\t\t\t\t<\/div>\n\t\t\t\t<\/div>\n\t\t\t\t<div class=\"elementor-element elementor-element-a9f77e3 elementor-widget__width-auto elementor-widget elementor-widget-image\" data-id=\"a9f77e3\" data-element_type=\"widget\" data-widget_type=\"image.default\">\n\t\t\t\t<div class=\"elementor-widget-container\">\n\t\t\t\t\t\t\t\t\t\t\t\t\t\t\t\t<a href=\"https:\/\/www.latindex.org\/latindex\/\" target=\"_blank\">\n\t\t\t\t\t\t\t<img decoding=\"async\" width=\"213\" height=\"95\" src=\"https:\/\/higiene.edu.uy\/informacion-y-comunicacion\/wp-content\/uploads\/sites\/10\/2025\/02\/latindex.jpg\" class=\"attachment-large size-large wp-image-10018\" alt=\"\" \/>\t\t\t\t\t\t\t\t<\/a>\n\t\t\t\t\t\t\t\t\t\t\t\t\t\t\t<\/div>\n\t\t\t\t<\/div>\n\t\t\t\t<div class=\"elementor-element elementor-element-27a0e7f elementor-widget elementor-widget-text-editor\" data-id=\"27a0e7f\" data-element_type=\"widget\" data-widget_type=\"text-editor.default\">\n\t\t\t\t<div class=\"elementor-widget-container\">\n\t\t\t\t\t\t\t\t\t<p><a href=\"http:\/\/www.latindex.org\/\" target=\"_blank\" rel=\"noopener\">www.latindex.org<\/a><\/p>\t\t\t\t\t\t\t\t<\/div>\n\t\t\t\t<\/div>\n\t\t\t\t<div class=\"elementor-element elementor-element-4e928aa elementor-widget elementor-widget-text-editor\" data-id=\"4e928aa\" data-element_type=\"widget\" data-widget_type=\"text-editor.default\">\n\t\t\t\t<div class=\"elementor-widget-container\">\n\t\t\t\t\t\t\t\t\t<h5>Responsable:<br \/>Lic. Cecilia Valenzuela<br \/>Coordinadora Nacional<\/h5><p><a href=\"mailto:latindex.uruguay@gmail.com\">latindex.uruguay@gmail.com<\/a><br \/><a href=\"mailto:cvalenzuela@higiene.edu.uy\">cvalenzuela@higiene.edu.uy<\/a><\/p>\t\t\t\t\t\t\t\t<\/div>\n\t\t\t\t<\/div>\n\t\t\t\t<div class=\"elementor-element elementor-element-afa1afc elementor-widget elementor-widget-text-editor\" data-id=\"afa1afc\" data-element_type=\"widget\" data-widget_type=\"text-editor.default\">\n\t\t\t\t<div class=\"elementor-widget-container\">\n\t\t\t\t\t\t\t\t\t<p>Desde 2010 funciona en Universidad de la Rep\u00fablica, el Centro de Acopio Nacional Latindex.<br \/>2010 \u2013 2020 Funcion\u00f3 en BINAME \u2013 CENDIM Facultad de Medicina<br \/>2020 \u2013 a la fecha funciona en el Departamento de Informaci\u00f3n y Comunicaci\u00f3n del Instituto de Higiene.<\/p><p>Latindex, constituye una verdadera iniciativa regional que da visibilidad a la producci\u00f3n cient\u00edfica local a la vez que contribuye a elevar la calidad de las ediciones cient\u00edficas.<\/p><p>Teniendo en cuenta que la investigaci\u00f3n cient\u00edfica se realiza en el marco de las universidades y sus resultados son publicados en revistas cient\u00edficas, lograr mejorar la normalizaci\u00f3n, calidad editorial y la visibilidad de las publicaciones cient\u00edficas nacionales significa una importante iniciativa institucional de desarrollo y contribuci\u00f3n al avance cient\u00edfico y tecnol\u00f3gico del pa\u00eds.<\/p><p><strong>Latindex: qu\u00e9 es.<\/strong><\/p><p>Latindex es producto de la cooperaci\u00f3n de una red de instituciones que funcionan de manera coordinada para reunir y diseminar informaci\u00f3n bibliogr\u00e1fica sobre las publicaciones cient\u00edficas seriadas producidas en la regi\u00f3n.<\/p><p>Latindex es un sistema de Informaci\u00f3n sobre las revistas de investigaci\u00f3n cient\u00edfica, t\u00e9cnico-profesionales y de divulgaci\u00f3n cient\u00edfica y cultural que se editan en los pa\u00edses de Am\u00e9rica Latina, el Caribe, Espa\u00f1a y Portugal.<\/p><p>La idea de creaci\u00f3n de Latindex surgi\u00f3 en 1995 en la Universidad Nacional Aut\u00f3noma de M\u00e9xico (UNAM) y se convirti\u00f3 en una red de cooperaci\u00f3n regional a partir de 1997.<\/p><p>Actualmente Latindex ofrece cuatro bases de datos:<\/p><ol><li><strong>Directorio<\/strong> con datos bibliogr\u00e1ficos y de contacto de todas las revistas registradas, ya sea que se publiquen en soporte impreso o electr\u00f3nico;<\/li><li><strong>Cat\u00e1logo<\/strong> que incluye \u00fanicamente las revistas \u2013impresas o electr\u00f3nicas- que cumplen los criterios de calidad editorial dise\u00f1ados por Latindex;<\/li><li><strong>Revistas en l\u00ednea<\/strong> que permite el acceso a los textos completos en los sitios en que se encuentran disponibles.<\/li><\/ol><p><strong>Objetivos<\/strong><\/p><p>La misi\u00f3n del sistema es difundir, hacer accesible y elevar la calidad las revistas acad\u00e9micas editadas en la regi\u00f3n, a trav\u00e9s del trabajo compartido.<\/p><p>Sus objetivos particulares son:<\/p><p>\u200bEstablecer pol\u00edticas y acciones que conduzcan a:<\/p><ul><li>Integrar los esfuerzos que se realizan en la regi\u00f3n en materia de producci\u00f3n, difusi\u00f3n, registro y uso de las revistas acad\u00e9micas<\/li><li>Reforzar y elevar la calidad e impacto de nuestras revistas<\/li><li>Dotar de mayor visibilidad y cobertura internacional a las revistas iberoamericanas<\/li><li>Utilizar la informaci\u00f3n procesada para la elaboraci\u00f3n de subproductos<\/li><li>Influir en los \u00e1mbitos nacional e internacional en materia de informaci\u00f3n, documentaci\u00f3n y publicaci\u00f3n cient\u00edfica<\/li><\/ul><p>\u00bfQu\u00e9 papel desempe\u00f1a el Centro Coordinador Latindex para Uruguay?<\/p><ul><li>Contribuir a dar presencia y visibilidad a las revistas cient\u00edficas uruguayas, en nuestro pa\u00eds y a nivel internacional.<\/li><li>Participar en la definici\u00f3n de una normatividad com\u00fan y de criterios de calidad para estas publicaciones.<\/li><li>Contribuir a elevar la calidad editorial de nuestras revistas, a promover su utilizaci\u00f3n y valoraci\u00f3n.<\/li><li>Servir de enlace para que la actividad editorial nacional alcance est\u00e1ndares mundiales de realizaci\u00f3n.<\/li><li>Incentivar y promover la valoraci\u00f3n de la producci\u00f3n cient\u00edfica nacional, de manera especial en el contexto de la Universidad.<\/li><\/ul><p>Llevar a cabo la formaci\u00f3n continua y sistem\u00e1tica a editores de revistas nacionales a trav\u00e9s de cursos, talleres, seminarios y asesoramiento en temas relacionados a la edici\u00f3n cient\u00edfica.<\/p><p>Para contactarse con nuestro centro dirigirse a <a href=\"mailto:latindex.uruguay@gmail.com\">latindex.uruguay@gmail.com<\/a><\/p>\t\t\t\t\t\t\t\t<\/div>\n\t\t\t\t<\/div>\n\t\t\t\t<div class=\"elementor-element elementor-element-9b891cf elementor-widget elementor-widget-image\" data-id=\"9b891cf\" data-element_type=\"widget\" data-widget_type=\"image.default\">\n\t\t\t\t<div class=\"elementor-widget-container\">\n\t\t\t\t\t\t\t\t\t\t\t\t\t\t\t<img fetchpriority=\"high\" decoding=\"async\" width=\"599\" height=\"377\" src=\"https:\/\/higiene.edu.uy\/informacion-y-comunicacion\/wp-content\/uploads\/sites\/10\/2025\/02\/latindex-1.jpg\" class=\"attachment-large size-large wp-image-10043\" alt=\"\" srcset=\"https:\/\/higiene.edu.uy\/informacion-y-comunicacion\/wp-content\/uploads\/sites\/10\/2025\/02\/latindex-1.jpg 599w, https:\/\/higiene.edu.uy\/informacion-y-comunicacion\/wp-content\/uploads\/sites\/10\/2025\/02\/latindex-1-300x189.jpg 300w\" sizes=\"(max-width: 599px) 100vw, 599px\" \/>\t\t\t\t\t\t\t\t\t\t\t\t\t\t\t<\/div>\n\t\t\t\t<\/div>\n\t\t\t\t<div class=\"elementor-element elementor-element-efe94d8 elementor-widget elementor-widget-text-editor\" data-id=\"efe94d8\" data-element_type=\"widget\" data-widget_type=\"text-editor.default\">\n\t\t\t\t<div class=\"elementor-widget-container\">\n\t\t\t\t\t\t\t\t\t<p><em>Reuni\u00f3n T\u00e9cnica Latindex. Montevideo, 2016. Sala Maggiolo, Universidad de la Rep\u00fablica<\/em><\/p>\t\t\t\t\t\t\t\t<\/div>\n\t\t\t\t<\/div>\n\t\t\t\t\t<\/div>\n\t\t<\/div>\n\t\t\t\t\t<\/div>\n\t\t<\/section>\n\t\t\t\t<section class=\"elementor-section elementor-top-section elementor-element elementor-element-9d13494 elementor-section-boxed elementor-section-height-default elementor-section-height-default\" data-id=\"9d13494\" data-element_type=\"section\">\n\t\t\t\t\t\t<div class=\"elementor-container elementor-column-gap-default\">\n\t\t\t\t\t<div class=\"elementor-column elementor-col-100 elementor-top-column elementor-element elementor-element-d0d6a0d\" data-id=\"d0d6a0d\" data-element_type=\"column\">\n\t\t\t<div class=\"elementor-widget-wrap elementor-element-populated\">\n\t\t\t\t\t\t<div class=\"elementor-element elementor-element-871b137 elementor-widget elementor-widget-spacer\" data-id=\"871b137\" data-element_type=\"widget\" data-widget_type=\"spacer.default\">\n\t\t\t\t<div class=\"elementor-widget-container\">\n\t\t\t\t\t\t\t<div class=\"elementor-spacer\">\n\t\t\t<div class=\"elementor-spacer-inner\"><\/div>\n\t\t<\/div>\n\t\t\t\t\t\t<\/div>\n\t\t\t\t<\/div>\n\t\t\t\t\t<\/div>\n\t\t<\/div>\n\t\t\t\t\t<\/div>\n\t\t<\/section>\n\t\t\t\t<\/div>\n\t\t","protected":false},"excerpt":{"rendered":"<p>Inicio Acerca de nosotros Equipo \u00c1reas Informaci\u00f3n \u2013 Biblioteca Comunicaci\u00f3n Proyectos Institucionales Novedades Latindex Talleres Inicio Acerca de nosotros Equipo&#8230;<\/p>\n","protected":false},"author":1,"featured_media":0,"parent":0,"menu_order":0,"comment_status":"closed","ping_status":"closed","template":"","meta":{"_acf_changed":false,"footnotes":""},"class_list":["post-8976","page","type-page","status-publish","hentry"],"acf":[],"_links":{"self":[{"href":"https:\/\/higiene.edu.uy\/informacion-y-comunicacion\/wp-json\/wp\/v2\/pages\/8976","targetHints":{"allow":["GET"]}}],"collection":[{"href":"https:\/\/higiene.edu.uy\/informacion-y-comunicacion\/wp-json\/wp\/v2\/pages"}],"about":[{"href":"https:\/\/higiene.edu.uy\/informacion-y-comunicacion\/wp-json\/wp\/v2\/types\/page"}],"author":[{"embeddable":true,"href":"https:\/\/higiene.edu.uy\/informacion-y-comunicacion\/wp-json\/wp\/v2\/users\/1"}],"replies":[{"embeddable":true,"href":"https:\/\/higiene.edu.uy\/informacion-y-comunicacion\/wp-json\/wp\/v2\/comments?post=8976"}],"version-history":[{"count":77,"href":"https:\/\/higiene.edu.uy\/informacion-y-comunicacion\/wp-json\/wp\/v2\/pages\/8976\/revisions"}],"predecessor-version":[{"id":10085,"href":"https:\/\/higiene.edu.uy\/informacion-y-comunicacion\/wp-json\/wp\/v2\/pages\/8976\/revisions\/10085"}],"wp:attachment":[{"href":"https:\/\/higiene.edu.uy\/informacion-y-comunicacion\/wp-json\/wp\/v2\/media?parent=8976"}],"curies":[{"name":"wp","href":"https:\/\/api.w.org\/{rel}","templated":true}]}}